Let v(i) = -3*i - i**2 + 13 - n*i - 3*i. List the prime factors of v(-9).
2
Let p = -10 - -66. Suppose 2*a - 64 = q, -3*q - 158 = -3*a - p. Suppose 0*o = 5*o - a. What are the prime factors of o?
2, 3
Let c(z) = 217*z**2 + 8*z + 7. List the prime factors of c(-1).
2, 3
Suppose 0 = -6*b + 3*b + 117. Suppose 0*p = p - c + 19, -3*c = -2*p - b. Let w = p - -27. What are the prime factors of w?
3
Let n = -112 - -56. Let j = n - -82. List the prime factors of j.
2, 13
Let y be ((-6)/(-5))/((-9)/(-300)). Suppose 0*j = -j + y. List the prime factors of j.
2, 5
Suppose -25 = -5*b + b + 3*u, 2*b - 4*u = 0. Suppose -3*l - 2*w + b = 0, 2*l - 5*w = -3*l + 50. What are the prime factors of ((-8)/6)/(l/(-9))?
2
Suppose g - 33 = 6. List the prime factors of g.
3, 13
Let h(x) = x**3 - x**2 - x + 5. Let y be h(0). Suppose 26 = y*i - 9. List the prime factors of i.
7
Let y = 241 - 111. What are the prime factors of y?
2, 5, 13
Let o be ((-6)/3)/((-2)/9). Suppose -o = -5*x + 41. List the prime factors of x.
2, 5
Let a(j) be the first derivative of -j**3/3 - 3*j**2 - j + 4. Let h be ((-4)/(-6))/((-1)/6). What are the prime factors of a(h)?
7
Let q(h) = 4*h**2 - 6. Let s be q(-6). Suppose -6*n + n = 4*j - 126, 4*j - s = n. Suppose j = 4*z - 38. List the prime factors of z.
2, 3
Let x = 82 - 21. What are the prime factors of x?
61
Suppose 0 = 3*c + 2 - 17. Suppose -h + 6*s + 6 = 3*s, 3*s = c*h - 54. List the prime factors of h.
2, 3
Suppose 0 = 2*m - 6*m - 24. Let a = 10 - 7. List the prime factors of (-64)/m + (-2)/a.
2, 5
Let c(p) = -p**2 + 6*p - 2. Let s be c(5). What are the prime factors of ((-38)/(-6))/(s/9)?
19
Let a = 23 + 44. What are the prime factors of a?
67
Let c(p) = 2*p - 5. Let q be c(-4). Let u = q - -18. List the prime factors of u.
5
Let g = 3 - -1. Suppose -g*s = -126 + 34. List the prime factors of s.
23
Suppose w + 51 = 2*w - 2*t, 0 = -2*w + t + 108. List the prime factors of w.
5, 11
Suppose -3*v + 15 = 2*v. Suppose -3*o + 12 - v = 0. Suppose -o*q + 16 = -17. What are the prime factors of q?
11
Suppose -2*a - 4*m = 2, -5*m = -2*a + 15 + 28. Let x be 2/3 - 6/a. Suppose -10 = -y - x*y. What are the prime factors of y?
2, 5
Let n = -3 - -8. Suppose 7 + n = 4*t. Suppose -t*c + 8*c + 4*u = 56, -2*c + 3*u = -27. What are the prime factors of c?
2, 3
Let d(y) = -y**3 + 21*y**2 + 4*y + 10. List the prime factors of d(21).
2, 47
Suppose 9 - 1 = 4*p. Suppose -h + 2 + p = 0. Suppose u + 4*j - 27 = 0, 2*u + 0*u = -h*j + 38. List the prime factors of u.
11
Let w(u) = u**3 - 13*u**2 + 18*u - 11. List the prime factors of w(12).
61
Let t be (-32)/(-14) - 8/28. Suppose 3*n = -t*u + 7 + 2, 0 = -5*n - 4*u + 15. What are the prime factors of n?
3
Let h(j) = -41*j - 27. List the prime factors of h(-9).
2, 3, 19
Suppose 3*t = -t - 20. Let j = 0 - t. List the prime factors of j.
5
Suppose -2*d + 2*z + 53 = -143, -4*d = 3*z - 371. What are the prime factors of d?
5, 19
Let u(a) = 30*a - 1 + a**3 + 7*a**2 - 31*a + 5. What are the prime factors of u(-6)?
2, 23
Let y be 22/(-6)*(4 + -1). Let m = -9 - y. List the prime factors of m.
2
Let a(g) = -g**3 + 6*g**2 - 3*g - 1. Suppose -17 = -5*l + 8. Let b be a(l). Suppose -11 = -o + b. What are the prime factors of o?
2, 5
Let f(z) = -z**2 + 15*z - 16. What are the prime factors of f(11)?
2, 7
Let a be (5 + 1)*(-5)/(-15). Suppose -3*o = -5*o + 38. What are the prime factors of o/2 + 1/a?
2, 5
Suppose p = -3 + 7. Suppose 6*b - 54 = p*b. List the prime factors of b.
3
Let p(k) = 2*k**2 - 7*k - 4. Let w be p(6). Let i = 2 - w. Let y = i - -36. What are the prime factors of y?
2, 3
Suppose -52*l + 50*l + 264 = 0. What are the prime factors of l?
2, 3, 11
Suppose -3*t - 96 = -5*t. Suppose 3*s = -s + t. What are the prime factors of s?
2, 3
Suppose 4*f + 3 = 5*f. Suppose -2*y + 5*n + 2 = -44, -f*n - 12 = 0. List the prime factors of y.
13
Let v(z) = 34*z**3 - 2*z**2 - z + 1. What are the prime factors of v(2)?
263
Suppose 40 = 11*f - 9*f. What are the prime factors of f?
2, 5
Let w be (2/4)/(6/(-12)). What are the prime factors of (-13)/w*(-8 + 9)?
13
Let r be ((-3)/6)/((-1)/2). Let u = r - -45. What are the prime factors of 8/(-12) + u/6?
7
Suppose 2*n = 2, -2*p + 3*p + 2*n = 59. What are the prime factors of p?
3, 19
Let b = 3 - -3. Let d(v) = 2*v**3 + v**2 - 5 - 3*v**3 + b*v**2 + 2*v. What are the prime factors of d(7)?
3
Suppose 2*m + 58 = 2*w - 0*m, -101 = -4*w - m. List the prime factors of w.
2, 13
Let n be 6/(3/3) - 2. What are the prime factors of n/10 - (-46)/10?
5
Let s(r) = r**3 - r + 2. List the prime factors of s(3).
2, 13
What are the prime factors of (-6)/(-10) + 234/10?
2, 3
Suppose -5*y + 8 = -g, -g - 4*g + 20 = 5*y. Suppose -g*f + 16 = 2*f. List the prime factors of f.
2
Suppose -5*c + 21 - 1 = 0. Suppose 1 = -s + c. Let t = s - -13. What are the prime factors of t?
2
Let z = -16 + 29. Suppose 3*k = 2 + z. What are the prime factors of k?
5
Let i = 11 + -7. Let r be (2/6)/(i/60). List the prime factors of 2/r - (-39)/15.
3
Let b(l) = l**3 + 6*l**2 + 6*l + 5. Let n be b(-5). Suppose 5*j - 40 = -2*q, n*j + 4*q - 20 = -4*j. What are the prime factors of j?
2, 5
Suppose 72 = 4*x - 2*v - 64, -x - v = -31. List the prime factors of x.
3, 11
Let r be (-1 + 25)*(7 + -6). Suppose 0 = -3*c - 0*c + r. What are the prime factors of c?
2
Let y be (20/(-3))/(1/(-6)). Suppose 2*w - y = 6*w. Let p = 2 - w. What are the prime factors of p?
2, 3
Suppose 0 = -0*y + 3*y + 6. Let m = y - -7. Let l = -3 + m. What are the prime factors of l?
2
Let r = -44 + 85. What are the prime factors of r?
41
What are the prime factors of (-11128)/(-91) - 4/14?
2, 61
Suppose 3*s = 2*d - 79, -5*d + 5*s + 81 = -3*d. List the prime factors of d.
2, 19
What are the prime factors of (-50)/(-1) + (2 - -1) + -3?
2, 5
Suppose 0 = -i + 8 - 2. Suppose i*n = n + 10. What are the prime factors of n?
2
Let b(a) = -a**2 - 23*a + 30. List the prime factors of b(-17).
2, 3, 11
Suppose 0 = 3*a - 4 - 5. Suppose a*g - 51 = -0*g. What are the prime factors of g?
17
Suppose -4*b = -7*b + 5*n + 362, -5*n + 25 = 0. List the prime factors of b.
3, 43
Let p(n) = n**3 - 8*n**2 - 3*n + 6. What are the prime factors of p(9)?
2, 3, 5
Suppose -4*q = -8*q + 32. Let l = 8 + 15. Let f = l - q. What are the prime factors of f?
3, 5
What are the prime factors of ((-150)/(-12))/((-2)/(-4))?
5
Let b(m) = 22*m + 9. Let n be b(8). Suppose 57 - n = -4*h. List the prime factors of h.
2
Suppose -2*b = -3*b + 4. Let c(h) = 9 + h + b - 2. List the prime factors of c(-9).
2
Let y(k) = k**3 - 27*k**2 + 55*k + 21. List the prime factors of y(25).
2, 73
Suppose -3*a - 364 = -10*a. List the prime factors of a.
2, 13
Suppose -11*a + 105 = -4*a. List the prime factors of a.
3, 5
List the prime factors of (-22836)/33*(-1 - 3/(-4)).
173
Let t = 33 - 13. Let a = -10 + t. Let i = -1 + a. What are the prime factors of i?
3
Let i = -1 - 6. Let b = 17 + i. List the prime factors of b.
2, 5
Let x(a) = -2*a**2 + a**2 - a**2 + 12*a - 19. Let i(p) = -p**2 + 6*p - 9. Let l(d) = 9*i(d) - 4*x(d). What are the prime factors of l(4)?
3
Let m(y) = 3*y - 5. Let b be m(7). Suppose -t + b = 3*t. Suppose 1 = j - 4*k - 13, -t*j + 2*k = -28. List the prime factors of j.
2, 3
Let v(q) = 2*q**3 + q - 4*q**3 + 1 - 3*q**2 + q**3. Let u be v(-4). Suppose -i = -2*m + 2, i = -m + 5*i - u. What are the prime factors of m?
3
Suppose 2*q - 3*q + 17 = -3*k, 0 = -5*q - k + 5. Suppose -q*b = -8 - 8. What are the prime factors of b?
2
Let j(g) = -3*g + 4. Let d(f) = 3*f - 4. Let o(c) = 5*d(c) + 6*j(c). What are the prime factors of o(-7)?
5
Let b be -1 - -6 - (-1 + 3). Let t be 1/2*12/b. Let j = 7 - t. What are the prime factors of j?
5
Suppose 3*h = 4*h - 4*f - 17, f = 0. Let b = -5 + h. What are the prime factors of b?
2, 3
Suppose 69 = -9*q + 618. What are the prime factors of q?
61
Suppose -2*q + 86 = 2*u - 112, 4*q - 402 = -u. What are the prime factors of q?
101
Let q be -1 - (-3 - (-1 + 1)). Suppose 3*k = -q*k + 70. List the prime factors of k.
2, 7
Suppose 62 = 2*k + 4*d, k - 10 = 4*d - 3. List the prime factors of k.
23
Suppose m - 7 - 7 = 0. Let f = m - 3. List the prime factors of f.
11
Let b = -61 - -92. What are the prime factors of b?
31
Let s = 364 - 259. List the prime factors of s.
3, 5, 7
Suppose -4*w + p = -17